?
False
Suppose 6*a - 3*z = 5*a - 109, -z + 381 = -4*a. Let k = a + 217. Is k composite?
True
Is (-133188)/(-110) - (6/(-5) + 1) a composite number?
True
Suppose 0 = 5*z - 2*p + 1369 + 4745, 4*p = -3*z - 3684. Is z/54*6/(-4) a prime number?
False
Let f(b) = -4*b + 13816. Let s be f(0). Suppose 4*k - 2*x = s, 2*k = -3*k + x + 17273. Is k prime?
False
Is (21 - 19)*2638/4 composite?
False
Let y(a) = -3*a**3 + 2*a**2 - a - 2. Let v be y(-1). Is (-2)/4*(2 - (2732 - v)) a composite number?
True
Let j = 61505 + -43498. Is j composite?
True
Let v(g) = -61*g**2 - 15*g - 2. Let n(q) = 31*q**2 + 8*q + 1. Let c(z) = -11*n(z) - 6*v(z). Let b be c(-1). Let r = b - 14. Is r a composite number?
True
Let x = 15 - -33. Let p = x + 93. Is p composite?
True
Let i(n) = n + 36. Let x be i(-7). Suppose 28*m = x*m - 2843. Is m a prime number?
True
Suppose 4*c + 4*b = 2330 + 614, 2*c - 1470 = -b. Is c a prime number?
False
Let s be (-4)/14 - ((-36714)/21)/1. Suppose -2*f = -6*f + s. Is f prime?
False
Suppose -8*y + 15839 + 1401 = 0. Is y composite?
True
Let v(s) = -3*s - 7. Let w be v(-5). Let m(o) be the second derivative of o**5/10 - o**4/2 - o**3/3 - o**2/2 - 195*o. Is m(w) prime?
False
Let n be (12/8)/(2/4). Suppose i + 5*q - 8 = 0, -n*q + 8 = 3*i - 4*q. Suppose i*s - 78 = 81. Is s a prime number?
True
Suppose x - 1797 = 5*l + 1563, -3*l - 3370 = -x. Is x prime?
False
Let i be -20*(-1095)/2*(-3)/(-18). Let l = i - -612. Is l prime?
True
Let r(s) be the third derivative of 14*s**5/3 - s**4/6 - s**3/2 + 19*s**2. Is r(-4) composite?
False
Let r = 7677 + 2446. Is r a prime number?
False
Let f be (2 + -3)*(-9 - -6). Suppose -5*k + f*k + 132 = 0. Is 10/8*(k - -10) prime?
False
Let t = 2105 + 4998. Is t a prime number?
True
Suppose -3*t + 61021 = 4*g, 0 = t + 1 + 4. Is g a prime number?
True
Suppose 21*t - 16*t = 9215. Is t a composite number?
True
Suppose 8 = 5*j - 3*j. Let t be 7*(22 + (j - 2)). Let s = 419 - t. Is s prime?
True
Suppose 103*k - 7554 = 97*k. Is k composite?
False
Let d = -4703 - -10846. Is d a composite number?
False
Let g be (-8)/10*(-2990)/(-4). Let j = 890 + g. Suppose y = 4*y + 2*v - 431, -2*y + v = -j. Is y a composite number?
True
Suppose 21*w = 17*w + 12908. Is w composite?
True
Suppose -4*u + 4 = -5*x, -6*u = -2*u - 2*x - 16. Is 9238/3 - 2/36*u composite?
False
Let o be ((-365)/4)/(3 + (-13)/4). Let w = o + -66. Is w prime?
False
Let j = 67 - 63. Suppose -3*m = -j - 5, -1178 = -2*i - 4*m. Is i a prime number?
False
Let s be (10/4)/(1/6). Suppose -s*j + 16*j = 97. Is j prime?
True
Suppose -4*g - 4*c = -4, -2*g + 6 = 4*c - 0. Is 87/6*(15 + g) a prime number?
False
Let u(o) be the third derivative of 17*o**7/504 + o**6/720 - o**5/120 + o**4/8 - 2*o**2. Let f(a) be the second derivative of u(a). Is f(-2) a prime number?
True
Suppose 51*l + d = 49*l + 118414, -5*d = -3*l + 177621. Is l prime?
True
Let f(g) = 2*g**2 - 8*g + 5. Let t be f(-6). Suppose -10*l + 59 = -11. Suppose -l*n = -2*n - t. Is n prime?
False
Suppose -5*q + 0*q + 3*g + 77 = 0, -4*g = -5*q + 76. Suppose -q = 4*z - 524. Is z a composite number?
False
Let w = -109 - -464. Suppose -x = -4*a + w, 3*x - 5*x = -2*a + 176. Is a a composite number?
False
Let p = -11 - -9. Is 149/p*(-9 - -7) a prime number?
True
Suppose -4*a + 28 = 5*q, 4*a + 5*q = q + 32. Let b be 1/(1 - a/16). Suppose k = 3*k - 4*h - 226, b*k = -2*h + 462. Is k prime?
False
Suppose 4*r = l - 16, -6*r - 2*l - 4 = -2*r. Is (-45)/(-30)*(-614)/r composite?
False
Suppose 4*h - 4*r + 835 + 1269 = 0, -h = -2*r + 526. Let x = h + 777. Is x prime?
True
Let l(s) = s**2 + 4 + 14 + 2*s + 0*s. Let i(w) = -12*w + 13. Let f be i(0). Is l(f) prime?
False
Let l(m) = -14 + 1379*m**2 - 1359*m**2 + 0*m + m**3 - 2*m. Is l(-17) composite?
False
Let o(s) = s**2 + 20*s - 47. Let b be o(-22). Is 258/(-9)*b + -1 prime?
False
Suppose 2*o - 36900 = -5*j, 6647 = -2*j - 4*o + 21391. Is j prime?
False
Let d = -1167 - -3326. Is d prime?
False
Let x = 65 - 53. Suppose x*r = 11*r + 499. Is r a composite number?
False
Let g be (-2)/6 + (-70)/(-30). Let o(p) = -g - p - 5*p + p + p. Is o(-4) a composite number?
True
Let c be 6184/2*(-2 - 3/(-4)). Is c/(-25) + (-4)/(-10) a prime number?
False
Suppose g = 4*b - 13376, -b + 3*g + 2*g + 3363 = 0. Is b a composite number?
False
Suppose -4*t + 1370 + 9913 = -5*x, 2*t + x - 5659 = 0. Is t a prime number?
False
Suppose 4*q - 2*d - 1114 = 0, 2*d + 5 = 3*d. Suppose -4*b - t = -b + 821, b + 4*t + q = 0. Let c = -62 - b. Is c a prime number?
True
Let p(m) = 4053*m**2 - 12*m - 11. Is p(-1) a composite number?
True
Is -269*(-10 - -8) - 3 prime?
False
Suppose -2*r = 3*o + 1614, 3*r + 3*o = 2*r - 813. Let i = r + 1504. Is i a prime number?
False
Suppose 4*p + 4*l = 10004, 0 = -p + 2*l - 1603 + 4110. Is p prime?
True
Let z = -502 - -1049. Suppose z + 385 = 4*f. Is f composite?
False
Let j(q) = -q**2 - 14*q - 14. Let z be j(-11). Let b(i) = i + i + 100 + z - 3*i. Is b(0) prime?
False
Suppose 6215 = 145*x - 140*x. Is x a composite number?
True
Let j(x) = 3*x**3 - 4*x**2 - 3*x + 1. Let r be 4/12 + (-42)/(-9). Let o be j(r). Let h = o + -74. Is h prime?
False
Let f = 2 + -9. Let y be (-9 - 1)*f/14. Is (-206)/(-3) - y/(-15) composite?
True
Is ((-3)/2)/((-86410)/(-43220) - 2) prime?
True
Let y be (954/(-15))/(20/(-50)). Is -1 - y*16/(-12) composite?
False
Suppose 2*f - 17 = f + 3*h, 0 = 4*h - 8. Let q be 27/18*4*f. Suppose a + a = q. Is a prime?
False
Let x be ((-16)/(-14) - 2)*-1316. Let a = x - 671. Is a composite?
False
Let g be 9*2*6/18. Let z be (9/g + 0)*2. Suppose -z*d + 201 = -144. Is d prime?
False
Let z be 14537/7 + 6*2/42. Suppose w + 4*f = -4*w + z, 3*f = 2*w - 817. Is w a composite number?
True
Let b be 1 - (0 - 1) - (2 - 3). Suppose -b*r + 35 = -520. Is r a prime number?
False
Suppose -u = -2, -2*y - 1 = -3*u - 3. Let b(m) = 118*m - 21. Is b(y) a composite number?
True
Suppose 3*g = -4*b + 8*b + 14, 2*g = b + 1. Let a(c) = -301*c + 26. Is a(b) composite?
False
Let n(w) = -3*w - 5 + 3 + w - 1. Let c be n(-4). Suppose 4*g - c*g + 1411 = 0. Is g a composite number?
True
Let w = 65 + -60. Suppose 335 = w*a + 45. Is a prime?
False
Suppose -4*q + 320 = -4*b, q + 30 = 2*b + 111. Suppose -4*j + 20 = 2*v, v + 11 = 6*j - j. Suppose 4*w - j*w - q = 0. Is w a composite number?
False
Let f(t) = 11*t - 9 + 12 - t. Let i be f(6). Let q = 436 - i. Is q composite?
False
Suppose 13*y + 5 = 12*y. Let b = y - -2. Let f(s) = -5*s - 4. Is f(b) composite?
False
Let q(c) = -6475*c - 13. Is q(-2) a composite number?
True
Suppose 0 = -o - 4*m + 3575, 3620 = o - m - 4*m. Is o prime?
False
Let x = 18 - 16. Suppose 4*b = m - 119 + 463, -x*m = 5*b - 430. Let z = 165 - b. Is z a composite number?
False
Let s(x) = 214*x**3 - 2*x**2 - 13*x + 2. Is s(3) prime?
False
Let g(i) = 3393*i**2 - i + 3. Let x(d) = 3394*d**2 + 3. Let b(n) = 4*g(n) - 3*x(n). Is b(1) a composite number?
False
Suppose 3059199 = 133*q - 34*q. Is q composite?
True
Let r(j) = -j**2 + 2. Let y be r(0). Is (-159224)/(-56) - y/7 composite?
False
Let x(z) = 2*z**2 + z - 1. Let u be x(2). Suppose 897 = -u*c + 8*c. Let f = c + 1710. Is f prime?
False
Suppose 0 = -5*r - 10, 228474 = 4*g - 10*r + 11*r. Is g composite?
False
Let a(n) = -40*n - 3. Let y(c) = 7*c + 4 - 16*c + 10*c. Let w be y(-8). Is a(w) a prime number?
True
Suppose -4*s = -2 - 10. Suppose -s*z - z - 324 = 0. Let q = 164 + z. Is q prime?
True
Let j(o) = 32*o**2 + 37*o - 137. Is j(10) composite?
False
Let g(h) = 2*h**3 - 13*h**2 + 17*h - 21. Suppose 66 = 11*s - 5*s. Is g(s) a prime number?
False
Let l be 2/((-8)/20 - 0). Suppose -4*a = r - 13, r + 4 + 1 = 5*a. Is 1*54 + l + a composite?
True
Is 1287966/194 - 1*2 composite?
False
Let w = -6107 + 14386. Is w prime?
False
Let t = -7 + 8. Let b be t/(-2)*(-104)/13. Suppose -3*s + 5*i - b*i + 205 = 0, -355 = -5*s - 5*i. Is s prime?
False
Let n = 5 - 3. Suppose -3*k - n*j = -1247, 3*j + 2*j = 5*k - 2045. Is k a prime number?
False
Let h(a) = 39*a + 10. Is h(3) composite?
False
Suppose -5*a + 3783 = 2*g, -3*a + 3810 = 4*g - 3735. Suppose 0*y + 6*y = g. Is y composite?
True
Let y = -8 + 9. Is y/(-2)*(-4348)/2 composite?
False
Let i = -11836 - -42291. Is i composite?
True
Let a(b) = -16*b - 29. Suppose 2*z = z - 13. Is a(z) a prime number?
True
Let m be (-3)/(-12) + (-11)/(-4). Let 